{"id":7,"date":"2011-09-26T17:28:06","date_gmt":"2011-09-26T20:28:06","guid":{"rendered":"https:\/\/www.hoffmeister.com.br\/servicos-funerarios\/?page_id=7"},"modified":"2011-10-03T16:10:25","modified_gmt":"2011-10-03T19:10:25","slug":"plano-familiar-com-cremacao","status":"publish","type":"page","link":"https:\/\/www.hoffmeister.com.br\/planos\/plano-familiar-com-cremacao","title":{"rendered":"Plano Familiar com Crema\u00e7\u00e3o"},"content":{"rendered":"<p>A crema\u00e7\u00e3o \u00e9 uma tend\u00eancia mundial, uma pr\u00e1tica que preserva o meio ambiente e ameniza os problemas da lota\u00e7\u00e3o cemiterial, al\u00e9m de ser uma forma inteligente e bonita de eternizar a sua mem\u00f3ria. Por este motivo existe a op\u00e7\u00e3o em incluir uma taxa adicional no valor da mensalidade do Plano Hoffmeister que d\u00e1 direito a Crema\u00e7\u00e3o.<\/p>\n<p><a href=\"https:\/\/www.hoffmeister.com.br\/planos\/associe-se\"><img loading=\"lazy\" src=\"https:\/\/www.hoffmeister.com.br\/planos\/files\/2011\/09\/woman-chama-plano1.png\" alt=\"\" title=\"woman-chama-plano\" width=\"700\" height=\"200\" class=\"aligncenter size-full wp-image-104\" srcset=\"https:\/\/www.hoffmeister.com.br\/planos\/files\/2011\/09\/woman-chama-plano1.png 700w, https:\/\/www.hoffmeister.com.br\/planos\/files\/2011\/09\/woman-chama-plano1-300x85.png 300w\" sizes=\"(max-width: 700px) 100vw, 700px\" \/><\/a><\/p>\n<p><strong>BENEFICI\u00c1RIOS<\/strong><br \/>\nQuem pode fazer parte do plano?<br \/>\nTem direito ao plano o Titular (menos de 65 anos) e seu c\u00f4njuge ou Companheiro(a), filhos solteiros, pai, m\u00e3e, sogro e sogra.<\/p>\n","protected":false},"excerpt":{"rendered":"<p>A crema\u00e7\u00e3o \u00e9 uma tend\u00eancia mundial, uma pr\u00e1tica que preserva o meio ambiente e ameniza os problemas da lota\u00e7\u00e3o cemiterial, al\u00e9m de ser uma forma inteligente e bonita de eternizar a sua mem\u00f3ria. Por este motivo existe a op\u00e7\u00e3o em&nbsp;&hellip;<\/p>\n","protected":false},"author":1,"featured_media":0,"parent":0,"menu_order":3,"comment_status":"open","ping_status":"closed","template":"","meta":[],"_links":{"self":[{"href":"https:\/\/www.hoffmeister.com.br\/planos\/wp-json\/wp\/v2\/pages\/7"}],"collection":[{"href":"https:\/\/www.hoffmeister.com.br\/planos\/wp-json\/wp\/v2\/pages"}],"about":[{"href":"https:\/\/www.hoffmeister.com.br\/planos\/wp-json\/wp\/v2\/types\/page"}],"author":[{"embeddable":true,"href":"https:\/\/www.hoffmeister.com.br\/planos\/wp-json\/wp\/v2\/users\/1"}],"replies":[{"embeddable":true,"href":"https:\/\/www.hoffmeister.com.br\/planos\/wp-json\/wp\/v2\/comments?post=7"}],"version-history":[{"count":9,"href":"https:\/\/www.hoffmeister.com.br\/planos\/wp-json\/wp\/v2\/pages\/7\/revisions"}],"predecessor-version":[{"id":135,"href":"https:\/\/www.hoffmeister.com.br\/planos\/wp-json\/wp\/v2\/pages\/7\/revisions\/135"}],"wp:attachment":[{"href":"https:\/\/www.hoffmeister.com.br\/planos\/wp-json\/wp\/v2\/media?parent=7"}],"curies":[{"name":"wp","href":"https:\/\/api.w.org\/{rel}","templated":true}]}}

Plano Familiar com Cremação

<p>A cremação é uma tendência mundial, uma prática que preserva o meio ambiente e ameniza os problemas da lotação cemiterial, além de ser uma forma inteligente e bonita de eternizar a sua memória. Por este motivo existe a opção em incluir uma taxa adicional no valor da mensalidade do Plano Hoffmeister que dá direito a Cremação.</p>
<p><a href="https://www.hoffmeister.com.br/planos/associe-se"><img loading="lazy" src="https://www.hoffmeister.com.br/planos/files/2011/09/woman-chama-plano1.png" alt="" title="woman-chama-plano" width="700" height="200" class="aligncenter size-full wp-image-104" srcset="https://www.hoffmeister.com.br/planos/files/2011/09/woman-chama-plano1.png 700w, https://www.hoffmeister.com.br/planos/files/2011/09/woman-chama-plano1-300x85.png 300w" sizes="(max-width: 700px) 100vw, 700px" /></a></p>
<p><strong>BENEFICIÁRIOS</strong><br />
Quem pode fazer parte do plano?<br />
Tem direito ao plano o Titular (menos de 65 anos) e seu cônjuge ou Companheiro(a), filhos solteiros, pai, mãe, sogro e sogra.</p>

<p>A cremação é uma tendência mundial, uma prática que preserva o meio ambiente e ameniza os problemas da lotação cemiterial, além de ser uma forma inteligente e bonita de eternizar a sua memória. Por este motivo existe a opção em&nbsp;&hellip;</p>
