{"id":98,"date":"2011-10-03T10:24:58","date_gmt":"2011-10-03T13:24:58","guid":{"rendered":"https:\/\/www.hoffmeister.com.br\/planos\/?page_id=98"},"modified":"2011-11-10T15:06:57","modified_gmt":"2011-11-10T18:06:57","slug":"associe-se","status":"publish","type":"page","link":"https:\/\/www.hoffmeister.com.br\/planos\/associe-se","title":{"rendered":"Associe-se"},"content":{"rendered":"<p>Agora ficou muito mais f\u00e1cil aderir ao Plano da Fam\u00edlia. Preencha corretamente o formul\u00e1rio abaixo com todos dados completos que em breve nossa equipe entrar\u00e1 em contato para confirma\u00e7\u00e3o dos dados e dar\u00e1 sequ\u00eancia aos procedimentos para sua ades\u00e3o ao Plano de Assist\u00eancia Familiar Hoffmeister.<\/p>\n<p><strong>Importante:<\/strong><\/p>\n<p>&#8211; Para ades\u00e3o ao Plano Familiar s\u00f3 poder\u00e3o fazer parte da ap\u00f3lice contratual como benefici\u00e1rios Titular (menos de 65 anos) o seu c\u00f4njuge ou companheiro(a), filhos solteiros, pai, m\u00e3e, sogro e sogra.<\/p>\n<p>&#8211; Caso no preenchimento do formul\u00e1rio voc\u00ea n\u00e3o tenha o respectivo familiar, favor deixar em branco.<\/p>\n<p>&#8211; Caso voc\u00ea seja uma empresa ou tenha d\u00favidas em rela\u00e7\u00e3o ao cadastro, favor solicite uma visita ou se dirija a uma de nossas unidades de atendimento em hor\u00e1rio comercial.<\/p>\n<div class=\"wpcf7\" id=\"wpcf7-f100-p98-o1\"><form action=\"\/planos\/wp-json\/wp\/v2\/pages\/98#wpcf7-f100-p98-o1\" method=\"post\" class=\"wpcf7-form\">\n<div style=\"display: none;\">\n<input type=\"hidden\" name=\"_wpcf7\" value=\"100\" \/>\n<input type=\"hidden\" name=\"_wpcf7_version\" value=\"3.2\" \/>\n<input type=\"hidden\" name=\"_wpcf7_unit_tag\" value=\"wpcf7-f100-p98-o1\" \/>\n<input type=\"hidden\" name=\"_wpnonce\" value=\"c3ae74066c\" \/>\n<\/div>\n<div class=\"ass\">\n<span class=\"titulo\">Titular<\/span><br \/>\n<span class=\"wpcf7-form-control-wrap planos-nome\"><input type=\"text\" name=\"planos-nome\" value=\"Nome Completo*\" class=\"wpcf7-form-control wpcf7-text wpcf7-validates-as-required\" size=\"40\" \/><\/span><span class=\"wpcf7-form-control-wrap planos-end\"><input type=\"text\" name=\"planos-end\" value=\"Endere\u00e7o\" class=\"wpcf7-form-control wpcf7-text\" size=\"40\" \/><\/span><span class=\"wpcf7-form-control-wrap planos-bai\"><input type=\"text\" name=\"planos-bai\" value=\"Bairro\" class=\"wpcf7-form-control wpcf7-text\" size=\"40\" \/><\/span><span class=\"wpcf7-form-control-wrap planos-cid\"><input type=\"text\" name=\"planos-cid\" value=\"Cidade\" class=\"wpcf7-form-control wpcf7-text\" size=\"40\" \/><\/span><span class=\"wpcf7-form-control-wrap planos-cpf\"><input type=\"text\" name=\"planos-cpf\" value=\"CPF\" class=\"wpcf7-form-control wpcf7-text\" size=\"40\" \/><\/span><span class=\"wpcf7-form-control-wrap planos-rg\"><input type=\"text\" name=\"planos-rg\" value=\"RG\" class=\"wpcf7-form-control wpcf7-text\" size=\"40\" \/><\/span><br \/>\n<span class=\"wpcf7-form-control-wrap planos-nas\"><input type=\"text\" name=\"planos-nas\" value=\"Data de Nascimento\" class=\"wpcf7-form-control wpcf7-text\" size=\"40\" \/><\/span><span class=\"wpcf7-form-control-wrap planos-rel\"><input type=\"text\" name=\"planos-rel\" value=\"Religi\u00e3o\" class=\"wpcf7-form-control wpcf7-text\" size=\"40\" \/><\/span><span class=\"wpcf7-form-control-wrap planos-nat\"><input type=\"text\" name=\"planos-nat\" value=\"Naturalidade\" class=\"wpcf7-form-control wpcf7-text\" size=\"40\" \/><\/span><span class=\"wpcf7-form-control-wrap planos-fone\"><input type=\"text\" name=\"planos-fone\" value=\"Seu Telefone*\" class=\"wpcf7-form-control wpcf7-text wpcf7-validates-as-required\" size=\"40\" \/><\/span><span class=\"wpcf7-form-control-wrap planos-pro\"><input type=\"text\" name=\"planos-pro\" value=\"Sua Profiss\u00e3o\" class=\"wpcf7-form-control wpcf7-text\" size=\"40\" \/><\/span><span class=\"wpcf7-form-control-wrap planos-mail\"><input type=\"text\" name=\"planos-mail\" value=\"Seu Email\" class=\"wpcf7-form-control wpcf7-text wpcf7-email wpcf7-validates-as-required wpcf7-validates-as-email\" size=\"40\" \/><\/span><span class=\"wpcf7-form-control-wrap planos-fil-pai\"><input type=\"text\" name=\"planos-fil-pai\" value=\"Filia\u00e7\u00e3o Pai\" class=\"wpcf7-form-control wpcf7-text\" size=\"40\" \/><\/span><span class=\"wpcf7-form-control-wrap planos-fil-mae\"><input type=\"text\" name=\"planos-fil-mae\" value=\"Filia\u00e7\u00e3o M\u00e3e\" class=\"wpcf7-form-control wpcf7-text\" size=\"40\" \/><\/span><span class=\"wpcf7-form-control-wrap planos-est\"><select name=\"planos-est\" class=\"wpcf7-form-control  wpcf7-select\"><option value=\"Estado Civil\">Estado Civil<\/option><option value=\"Solteiro (a)\">Solteiro (a)<\/option><option value=\"Casado (a)\">Casado (a)<\/option><option value=\"Vi\u00favo (a)\">Vi\u00favo (a)<\/option><option value=\"Separado (a)\">Separado (a)<\/option><option value=\"Outros...\">Outros...<\/option><\/select><\/span>\n<\/div>\n<div class=\"ass\">\n<span class=\"titulo\">Conjuge\/Companheiro(a)<\/span><br \/>\n<span class=\"wpcf7-form-control-wrap planos-nom-ben1\"><input type=\"text\" name=\"planos-nom-ben1\" value=\"Nome Completo*\" class=\"wpcf7-form-control wpcf7-text\" size=\"40\" \/><\/span><span class=\"wpcf7-form-control-wrap planos-nas-ben1\"><input type=\"text\" name=\"planos-nas-ben1\" value=\"Data Nascimento\" class=\"wpcf7-form-control wpcf7-text\" size=\"40\" \/><\/span><br \/>\n<span class=\"titulo\">Pai<\/span><br \/>\n<span class=\"wpcf7-form-control-wrap planos-nom-ben2\"><input type=\"text\" name=\"planos-nom-ben2\" value=\"Nome Completo*\" class=\"wpcf7-form-control wpcf7-text\" size=\"40\" \/><\/span><span class=\"wpcf7-form-control-wrap planos-nas-ben2\"><input type=\"text\" name=\"planos-nas-ben2\" value=\"Data Nascimento\" class=\"wpcf7-form-control wpcf7-text\" size=\"40\" \/><\/span><br \/>\n<span class=\"titulo\">M\u00e3e<\/span><br \/>\n<span class=\"wpcf7-form-control-wrap planos-nom-ben3\"><input type=\"text\" name=\"planos-nom-ben3\" value=\"Nome Completo*\" class=\"wpcf7-form-control wpcf7-text\" size=\"40\" \/><\/span><span class=\"wpcf7-form-control-wrap planos-nas-ben3\"><input type=\"text\" name=\"planos-nas-ben3\" value=\"Data Nascimento\" class=\"wpcf7-form-control wpcf7-text\" size=\"40\" \/><\/span><br \/>\n<span class=\"titulo\">Sogro<\/span><br \/>\n<span class=\"wpcf7-form-control-wrap planos-nom-ben4\"><input type=\"text\" name=\"planos-nom-ben4\" value=\"Nome Completo*\" class=\"wpcf7-form-control wpcf7-text\" size=\"40\" \/><\/span><span class=\"wpcf7-form-control-wrap planos-nas-ben4\"><input type=\"text\" name=\"planos-nas-ben4\" value=\"Data Nascimento\" class=\"wpcf7-form-control wpcf7-text\" size=\"40\" \/><\/span><br \/>\n<span class=\"titulo\">Sogra<\/span><br \/>\n<span class=\"wpcf7-form-control-wrap planos-nom-ben5\"><input type=\"text\" name=\"planos-nom-ben5\" value=\"Nome Completo*\" class=\"wpcf7-form-control wpcf7-text\" size=\"40\" \/><\/span><span class=\"wpcf7-form-control-wrap planos-nas-ben5\"><input type=\"text\" name=\"planos-nas-ben5\" value=\"Data Nascimento\" class=\"wpcf7-form-control wpcf7-text\" size=\"40\" \/><\/span><br \/>\n<span class=\"titulo\">Filho(a) 1<\/span><br \/>\n<span class=\"wpcf7-form-control-wrap planos-nom-ben6\"><input type=\"text\" name=\"planos-nom-ben6\" value=\"Nome Completo*\" class=\"wpcf7-form-control wpcf7-text\" size=\"40\" \/><\/span><span class=\"wpcf7-form-control-wrap planos-nas-ben6\"><input type=\"text\" name=\"planos-nas-ben6\" value=\"Data Nascimento\" class=\"wpcf7-form-control wpcf7-text\" size=\"40\" \/><\/span><br \/>\n<span class=\"titulo\">Filho(a) 2<\/span><br \/>\n<span class=\"wpcf7-form-control-wrap planos-nom-ben7\"><input type=\"text\" name=\"planos-nom-ben7\" value=\"Nome Completo*\" class=\"wpcf7-form-control wpcf7-text\" size=\"40\" \/><\/span><span class=\"wpcf7-form-control-wrap planos-nas-ben7\"><input type=\"text\" name=\"planos-nas-ben7\" value=\"Data Nascimento\" class=\"wpcf7-form-control wpcf7-text\" size=\"40\" \/><\/span><br \/>\n<span class=\"titulo\">Filho(a) 3<\/span><br \/>\n<span class=\"wpcf7-form-control-wrap planos-nom-ben8\"><input type=\"text\" name=\"planos-nom-ben8\" value=\"Nome Completo*\" class=\"wpcf7-form-control wpcf7-text\" size=\"40\" \/><\/span><span class=\"wpcf7-form-control-wrap planos-nas-ben8\"><input type=\"text\" name=\"planos-nas-ben8\" value=\"Data Nascimento\" class=\"wpcf7-form-control wpcf7-text\" size=\"40\" \/><\/span><br \/>\n<span class=\"titulo\">Filho(a) 4<\/span><br \/>\n<span class=\"wpcf7-form-control-wrap planos-nom-ben9\"><input type=\"text\" name=\"planos-nom-ben9\" value=\"Nome Completo*\" class=\"wpcf7-form-control wpcf7-text\" size=\"40\" \/><\/span><span class=\"wpcf7-form-control-wrap planos-nas-ben9\"><input type=\"text\" name=\"planos-nas-ben9\" value=\"Data Nascimento\" class=\"wpcf7-form-control wpcf7-text\" size=\"40\" \/><\/span><br \/>\n<span class=\"titulo\">Filho(a) 5<\/span><br \/>\n<span class=\"wpcf7-form-control-wrap planos-nom-ben10\"><input type=\"text\" name=\"planos-nom-ben10\" value=\"Nome Completo*\" class=\"wpcf7-form-control wpcf7-text\" size=\"40\" \/><\/span><span class=\"wpcf7-form-control-wrap planos-nas-ben10\"><input type=\"text\" name=\"planos-nas-ben10\" value=\"Data Nascimento\" class=\"wpcf7-form-control wpcf7-text\" size=\"40\" \/><\/span>\n<\/div>\n<p><input type=\"submit\" value=\"Enviar\" class=\"wpcf7-form-control  wpcf7-submit\" \/><\/p>\n<div class=\"wpcf7-response-output wpcf7-display-none\"><\/div><\/form><\/div>\n","protected":false},"excerpt":{"rendered":"<p>Agora ficou muito mais f\u00e1cil aderir ao Plano da Fam\u00edlia. Preencha corretamente o formul\u00e1rio abaixo com todos dados completos que em breve nossa equipe entrar\u00e1 em contato para confirma\u00e7\u00e3o dos dados e dar\u00e1 sequ\u00eancia aos procedimentos para sua ades\u00e3o ao&nbsp;&hellip;<\/p>\n","protected":false},"author":1,"featured_media":0,"parent":0,"menu_order":10,"comment_status":"open","ping_status":"open","template":"","meta":[],"_links":{"self":[{"href":"https:\/\/www.hoffmeister.com.br\/planos\/wp-json\/wp\/v2\/pages\/98"}],"collection":[{"href":"https:\/\/www.hoffmeister.com.br\/planos\/wp-json\/wp\/v2\/pages"}],"about":[{"href":"https:\/\/www.hoffmeister.com.br\/planos\/wp-json\/wp\/v2\/types\/page"}],"author":[{"embeddable":true,"href":"https:\/\/www.hoffmeister.com.br\/planos\/wp-json\/wp\/v2\/users\/1"}],"replies":[{"embeddable":true,"href":"https:\/\/www.hoffmeister.com.br\/planos\/wp-json\/wp\/v2\/comments?post=98"}],"version-history":[{"count":7,"href":"https:\/\/www.hoffmeister.com.br\/planos\/wp-json\/wp\/v2\/pages\/98\/revisions"}],"predecessor-version":[{"id":123,"href":"https:\/\/www.hoffmeister.com.br\/planos\/wp-json\/wp\/v2\/pages\/98\/revisions\/123"}],"wp:attachment":[{"href":"https:\/\/www.hoffmeister.com.br\/planos\/wp-json\/wp\/v2\/media?parent=98"}],"curies":[{"name":"wp","href":"https:\/\/api.w.org\/{rel}","templated":true}]}}