{"id":14,"date":"2011-09-29T17:34:00","date_gmt":"2011-09-29T20:34:00","guid":{"rendered":"https:\/\/www.hoffmeister.com.br\/servicos\/?page_id=14"},"modified":"2019-10-09T14:54:27","modified_gmt":"2019-10-09T17:54:27","slug":"cremacao","status":"publish","type":"page","link":"https:\/\/www.hoffmeister.com.br\/servicos\/cremacao","title":{"rendered":"Crema\u00e7\u00e3o"},"content":{"rendered":"<p>A crema\u00e7\u00e3o \u00e9 uma tend\u00eancia mundial, uma pr\u00e1tica que preserva o meio ambiente e ameniza os problemas da lota\u00e7\u00e3o cemiterial, al\u00e9m de ser uma forma inteligente e bonita de eternizar sua mem\u00f3ria.<\/p>\n<p>Atrav\u00e9s do Memorial Hoffmeister voc\u00ea conta com a melhor estrutura da regi\u00e3o para servi\u00e7os de Crema\u00e7\u00e3o. Dispon\u00edvel para clientes do Plano Funer\u00e1rio Hoffmeister e contrata\u00e7\u00e3o particular:<\/p>\n<h5>COMO FUNCIONA?<\/h5>\n<p>Ap\u00f3s o vel\u00f3rio tradicional e o cerimonial de despedida, onde \u00e9 realizada a \u00faltima homenagem ao ente querido, nossa equipe da sequencia aos processos de crema\u00e7\u00e3o. Aproximadamente 7 dias \u00fateis ap\u00f3s o ato cerimonial disponibilizamos a fam\u00edlia as cinzas provenientes da crema\u00e7\u00e3o.<\/p>\n<h5>COMO \u00c9 O PROCESSO DE CREMA\u00c7\u00c3O?<\/h5>\n<p>Por lei, deve-se aguardar 24 horas ap\u00f3s o \u00f3bito antes da dar in\u00edcio a crema\u00e7\u00e3o propriamente dita. Enquanto n\u00e3o \u00e9 cremado, o corpo permanece em uma c\u00e2mara fria, ap\u00f3s a urna funer\u00e1ria com o corpo \u00e9 colocado em um forno de combust\u00e3o r\u00e1pida e n\u00e3o poluente em uma temperatura aproximada de 1.200 graus.<\/p>\n<h5>QUAL O DESTINO DAS CINZAS?<\/h5>\n<p>O destino das cinzas \u00e9 uma decis\u00e3o da fam\u00edlia. Podem ser colocadas em l\u00f3culos ciner\u00e1rios ou sepultadas em algum jazigo da fam\u00edlia, tamb\u00e9m podem ser espargidas como por exemplo: no mar, jardim, montanha entre outras infinidades de locais.<\/p>\n<p>&nbsp;<\/p>\n<p><a href=\"https:\/\/www.hoffmeister.com.br\/servicos\/files\/2011\/09\/forno.jpg\" rel=\"lightbox[]\" title=\"Crema\u00e7\u00e3o\"><img class=\"aligncenter size-full wp-image-152\" style=\"border: 3px solid #036\" src=\"https:\/\/www.hoffmeister.com.br\/servicos\/files\/2011\/09\/forno.jpg\" alt=\"\" height=\"200\" srcset=\"https:\/\/www.hoffmeister.com.br\/servicos\/files\/2011\/09\/forno.jpg 519w, https:\/\/www.hoffmeister.com.br\/servicos\/files\/2011\/09\/forno-185x139.jpg 185w, https:\/\/www.hoffmeister.com.br\/servicos\/files\/2011\/09\/forno-300x223.jpg 300w\" sizes=\"(max-width: 519px) 100vw, 519px\" \/><\/a><\/p>\n<h5>QUANDO PODE SER REALIZADA?<\/h5>\n<p>O procedimento de crema\u00e7\u00e3o apenas pode ocorrer em casos de morte natural com as causas da morte expl\u00edcitas e com a assinatura na declara\u00e7\u00e3o de \u00f3bito de dois m\u00e9dicos.<\/p>\n<h5>QUANDO N\u00c3O PODE SER REALIZADA?<\/h5>\n<p>Em casos onde o falecimento tenha ocorrido por morte violenta, ou seja, homic\u00eddio, suic\u00eddio, acidente de tr\u00e2nsito ou qualquer tipo de morte sob suspeita, a crema\u00e7\u00e3o de corpos \u00e9 proibida judicialmente. Nestes casos a crema\u00e7\u00e3o s\u00f3 poder\u00e1 ocorrer com autoriza\u00e7\u00e3o judicial, neste caso o juiz da comarca onde ocorreu o \u00f3bito ter\u00e1 que fornecer a autoriza\u00e7\u00e3o.<\/p>\n<h5>QUEM AUTORIZA A CREMA\u00c7\u00c3O?<\/h5>\n<p>Para ocorrer \u00e0 crema\u00e7\u00e3o \u00e9 necess\u00e1ria a autoriza\u00e7\u00e3o de dois familiares. \u00c9 importante salientar que no momento do \u00f3bito nossa equipe de atendimento ir\u00e1 verificar o ciclo familiar do falecido para que se possa determinar quem ser\u00e3o os autorizantes.<\/p>\n<p>&nbsp;<\/p>\n<p><a href=\"https:\/\/www.hoffmeister.com.br\/planos\/plano-familiar-com-cremacao\"><img loading=\"lazy\" class=\"aligncenter size-full wp-image-104\" src=\"https:\/\/www.hoffmeister.com.br\/planos\/files\/2011\/09\/woman-chama-plano1.png\" alt=\"\" width=\"700\" height=\"200\" \/><\/a><\/p>\n","protected":false},"excerpt":{"rendered":"<p>A crema\u00e7\u00e3o \u00e9 uma tend\u00eancia mundial, uma pr\u00e1tica que preserva o meio ambiente e ameniza os problemas da lota\u00e7\u00e3o cemiterial, al\u00e9m de ser uma forma&nbsp;&hellip;<\/p>\n","protected":false},"author":1,"featured_media":49,"parent":0,"menu_order":4,"comment_status":"closed","ping_status":"closed","template":"","meta":[],"_links":{"self":[{"href":"https:\/\/www.hoffmeister.com.br\/servicos\/wp-json\/wp\/v2\/pages\/14"}],"collection":[{"href":"https:\/\/www.hoffmeister.com.br\/servicos\/wp-json\/wp\/v2\/pages"}],"about":[{"href":"https:\/\/www.hoffmeister.com.br\/servicos\/wp-json\/wp\/v2\/types\/page"}],"author":[{"embeddable":true,"href":"https:\/\/www.hoffmeister.com.br\/servicos\/wp-json\/wp\/v2\/users\/1"}],"replies":[{"embeddable":true,"href":"https:\/\/www.hoffmeister.com.br\/servicos\/wp-json\/wp\/v2\/comments?post=14"}],"version-history":[{"count":22,"href":"https:\/\/www.hoffmeister.com.br\/servicos\/wp-json\/wp\/v2\/pages\/14\/revisions"}],"predecessor-version":[{"id":121,"href":"https:\/\/www.hoffmeister.com.br\/servicos\/wp-json\/wp\/v2\/pages\/14\/revisions\/121"}],"wp:featuredmedia":[{"embeddable":true,"href":"https:\/\/www.hoffmeister.com.br\/servicos\/wp-json\/wp\/v2\/media\/49"}],"wp:attachment":[{"href":"https:\/\/www.hoffmeister.com.br\/servicos\/wp-json\/wp\/v2\/media?parent=14"}],"curies":[{"name":"wp","href":"https:\/\/api.w.org\/{rel}","templated":true}]}}

Cremação

<p>A cremação é uma tendência mundial, uma prática que preserva o meio ambiente e ameniza os problemas da lotação cemiterial, além de ser uma forma inteligente e bonita de eternizar sua memória.</p>
<p>Através do Memorial Hoffmeister você conta com a melhor estrutura da região para serviços de Cremação. Disponível para clientes do Plano Funerário Hoffmeister e contratação particular:</p>
<h5>COMO FUNCIONA?</h5>
<p>Após o velório tradicional e o cerimonial de despedida, onde é realizada a última homenagem ao ente querido, nossa equipe da sequencia aos processos de cremação. Aproximadamente 7 dias úteis após o ato cerimonial disponibilizamos a família as cinzas provenientes da cremação.</p>
<h5>COMO É O PROCESSO DE CREMAÇÃO?</h5>
<p>Por lei, deve-se aguardar 24 horas após o óbito antes da dar início a cremação propriamente dita. Enquanto não é cremado, o corpo permanece em uma câmara fria, após a urna funerária com o corpo é colocado em um forno de combustão rápida e não poluente em uma temperatura aproximada de 1.200 graus.</p>
<h5>QUAL O DESTINO DAS CINZAS?</h5>
<p>O destino das cinzas é uma decisão da família. Podem ser colocadas em lóculos cinerários ou sepultadas em algum jazigo da família, também podem ser espargidas como por exemplo: no mar, jardim, montanha entre outras infinidades de locais.</p>
<p>&nbsp;</p>
<p><a href="https://www.hoffmeister.com.br/servicos/files/2011/09/forno.jpg" rel="lightbox[]" title="Cremação"><img class="aligncenter size-full wp-image-152" style="border: 3px solid #036" src="https://www.hoffmeister.com.br/servicos/files/2011/09/forno.jpg" alt="" height="200" srcset="https://www.hoffmeister.com.br/servicos/files/2011/09/forno.jpg 519w, https://www.hoffmeister.com.br/servicos/files/2011/09/forno-185x139.jpg 185w, https://www.hoffmeister.com.br/servicos/files/2011/09/forno-300x223.jpg 300w" sizes="(max-width: 519px) 100vw, 519px" /></a></p>
<h5>QUANDO PODE SER REALIZADA?</h5>
<p>O procedimento de cremação apenas pode ocorrer em casos de morte natural com as causas da morte explícitas e com a assinatura na declaração de óbito de dois médicos.</p>
<h5>QUANDO NÃO PODE SER REALIZADA?</h5>
<p>Em casos onde o falecimento tenha ocorrido por morte violenta, ou seja, homicídio, suicídio, acidente de trânsito ou qualquer tipo de morte sob suspeita, a cremação de corpos é proibida judicialmente. Nestes casos a cremação só poderá ocorrer com autorização judicial, neste caso o juiz da comarca onde ocorreu o óbito terá que fornecer a autorização.</p>
<h5>QUEM AUTORIZA A CREMAÇÃO?</h5>
<p>Para ocorrer à cremação é necessária a autorização de dois familiares. É importante salientar que no momento do óbito nossa equipe de atendimento irá verificar o ciclo familiar do falecido para que se possa determinar quem serão os autorizantes.</p>
<p>&nbsp;</p>
<p><a href="https://www.hoffmeister.com.br/planos/plano-familiar-com-cremacao"><img loading="lazy" class="aligncenter size-full wp-image-104" src="https://www.hoffmeister.com.br/planos/files/2011/09/woman-chama-plano1.png" alt="" width="700" height="200" /></a></p>

<p>A cremação é uma tendência mundial, uma prática que preserva o meio ambiente e ameniza os problemas da lotação cemiterial, além de ser uma forma&nbsp;&hellip;</p>
