{"id":18,"date":"2011-09-29T17:35:03","date_gmt":"2011-09-29T20:35:03","guid":{"rendered":"https:\/\/www.hoffmeister.com.br\/servicos\/?page_id=18"},"modified":"2011-10-18T09:27:40","modified_gmt":"2011-10-18T12:27:40","slug":"tanatopraxia","status":"publish","type":"page","link":"https:\/\/www.hoffmeister.com.br\/servicos\/tanatopraxia","title":{"rendered":"Tanatopraxia"},"content":{"rendered":"<p style=\"text-align: center;\">&#8220;Uma Pr\u00e1tica Revolucion\u00e1ria que voc\u00ea encontra na Hoffmeister&#8221;<\/p>\n<div class=\"caixa-tanato\">\n<p><strong>Por que autorizar este procedimento?<\/strong><\/p>\n<hr \/>\n<p><img loading=\"lazy\" class=\"alignright size-full wp-image-101\" title=\"Sem t\u00edtulo-1\" src=\"https:\/\/www.hoffmeister.com.br\/servicos\/files\/2011\/09\/Sem-t%C3%ADtulo-1.png\" alt=\"\" width=\"200\" height=\"212\" \/><\/p>\n<p>Tanatopraxia \u00e9 a mais moderna t\u00e9cnica de conserva\u00e7\u00e3o de corpos do mundo. Para desenvolver a apar\u00eancia natural do corpo do seu ente querido recomenda-se este procedimento. Somente assim, poderemos assegurar que o corpo n\u00e3o apresentar\u00e1 qualquer altera\u00e7\u00e3o durante o vel\u00f3rio, tais como: extravasamento de l\u00edquidos, altera\u00e7\u00e3o na cor, incha\u00e7o, odores ou risco de contamina\u00e7\u00e3o, o que traria recorda\u00e7\u00f5es desagrad\u00e1veis para amigos e familiares.<\/p>\n<p>O Corpo tratado pode ser velado por per\u00edodo superior a 24 horas, at\u00e9 mesmo dias. N\u00e3o \u00e9 necropsiado, nem retirada qualquer \u00f3rg\u00e3o. Com este tratamento, o corpo poder\u00e1 ser transladado para outras localidades a qualquer dist\u00e2ncia ou tempo de percurso<\/p>\n<\/div>\n<div class=\"caixa-tanato\">\n<p><strong>Ond\u00e9 \u00e9 realizado?<\/strong><\/p>\n<hr \/>\n<p><img loading=\"lazy\" class=\"alignright size-full wp-image-132\" title=\"img-box-2\" src=\"https:\/\/www.hoffmeister.com.br\/servicos\/files\/2011\/10\/img-box-2.jpg\" alt=\"\" width=\"227\" height=\"89\" \/><\/p>\n<p>Est\u00e1 t\u00e9cnica obrigatoriamente, por quest\u00f5es t\u00e9cnicas e sanit\u00e1rias, \u00e9 realizada no TANAT\u00d3RIO do Complexo Funer\u00e1rio da Hoffmeister Servi\u00e7os Funer\u00e1rios, local este aprovado por sanitaristas, tendo em conta todas as medidas de seguran\u00e7a e higiene necess\u00e1rias para a completa desinfec\u00e7\u00e3o e conserva\u00e7\u00e3o do corpo.<\/p>\n<\/div>\n<div class=\"caixa-tanato fix-box\">\n<p><strong>Quem realiza?<\/strong><\/p>\n<hr \/>\n<p><img loading=\"lazy\" class=\"size-full wp-image-139 alignnone\" title=\"img-box-3\" src=\"https:\/\/www.hoffmeister.com.br\/servicos\/files\/2011\/09\/img-box-3.jpg\" alt=\"\" width=\"173\" height=\"173\" \/><\/p>\n<p>O respons\u00e1vel pela TANATOPRAXIA \u00e9 o Tanatopraxista, que para estar habilitade a este procedimento desenvolveu essa habilidade atrav\u00e9s de um curso espec\u00edfico, t\u00e9cnico avan\u00e7ado, com aulas te\u00f3ricas e pr\u00e1ticas.<\/p>\n<\/div>\n","protected":false},"excerpt":{"rendered":"<p>&#8220;Uma Pr\u00e1tica Revolucion\u00e1ria que voc\u00ea encontra na Hoffmeister&#8221; Por que autorizar este procedimento? Tanatopraxia \u00e9 a mais moderna t\u00e9cnica de conserva\u00e7\u00e3o de corpos do mundo.&nbsp;&hellip;<\/p>\n","protected":false},"author":1,"featured_media":53,"parent":0,"menu_order":6,"comment_status":"closed","ping_status":"closed","template":"","meta":[],"_links":{"self":[{"href":"https:\/\/www.hoffmeister.com.br\/servicos\/wp-json\/wp\/v2\/pages\/18"}],"collection":[{"href":"https:\/\/www.hoffmeister.com.br\/servicos\/wp-json\/wp\/v2\/pages"}],"about":[{"href":"https:\/\/www.hoffmeister.com.br\/servicos\/wp-json\/wp\/v2\/types\/page"}],"author":[{"embeddable":true,"href":"https:\/\/www.hoffmeister.com.br\/servicos\/wp-json\/wp\/v2\/users\/1"}],"replies":[{"embeddable":true,"href":"https:\/\/www.hoffmeister.com.br\/servicos\/wp-json\/wp\/v2\/comments?post=18"}],"version-history":[{"count":24,"href":"https:\/\/www.hoffmeister.com.br\/servicos\/wp-json\/wp\/v2\/pages\/18\/revisions"}],"predecessor-version":[{"id":143,"href":"https:\/\/www.hoffmeister.com.br\/servicos\/wp-json\/wp\/v2\/pages\/18\/revisions\/143"}],"wp:featuredmedia":[{"embeddable":true,"href":"https:\/\/www.hoffmeister.com.br\/servicos\/wp-json\/wp\/v2\/media\/53"}],"wp:attachment":[{"href":"https:\/\/www.hoffmeister.com.br\/servicos\/wp-json\/wp\/v2\/media?parent=18"}],"curies":[{"name":"wp","href":"https:\/\/api.w.org\/{rel}","templated":true}]}}