{"id":32,"date":"2011-09-29T17:37:27","date_gmt":"2011-09-29T20:37:27","guid":{"rendered":"https:\/\/www.hoffmeister.com.br\/servicos\/?page_id=32"},"modified":"2011-10-17T15:38:56","modified_gmt":"2011-10-17T18:38:56","slug":"liberacao-iml","status":"publish","type":"page","link":"https:\/\/www.hoffmeister.com.br\/servicos\/liberacao-iml","title":{"rendered":"Libera\u00e7\u00e3o IML"},"content":{"rendered":"<p>A Hoffmeister Servi\u00e7os Funer\u00e1rios presta o servi\u00e7o de libera\u00e7\u00e3o e translado do corpo nos Institutos M\u00e9dicos Legais (IML&#8217;s) tanto na capital quanto no interior do estado.<\/p>\n","protected":false},"excerpt":{"rendered":"<p>A Hoffmeister Servi\u00e7os Funer\u00e1rios presta o servi\u00e7o de libera\u00e7\u00e3o e translado do corpo nos Institutos M\u00e9dicos Legais (IML&#8217;s) tanto na capital quanto no interior do&nbsp;&hellip;<\/p>\n","protected":false},"author":1,"featured_media":69,"parent":0,"menu_order":13,"comment_status":"closed","ping_status":"closed","template":"","meta":[],"_links":{"self":[{"href":"https:\/\/www.hoffmeister.com.br\/servicos\/wp-json\/wp\/v2\/pages\/32"}],"collection":[{"href":"https:\/\/www.hoffmeister.com.br\/servicos\/wp-json\/wp\/v2\/pages"}],"about":[{"href":"https:\/\/www.hoffmeister.com.br\/servicos\/wp-json\/wp\/v2\/types\/page"}],"author":[{"embeddable":true,"href":"https:\/\/www.hoffmeister.com.br\/servicos\/wp-json\/wp\/v2\/users\/1"}],"replies":[{"embeddable":true,"href":"https:\/\/www.hoffmeister.com.br\/servicos\/wp-json\/wp\/v2\/comments?post=32"}],"version-history":[{"count":5,"href":"https:\/\/www.hoffmeister.com.br\/servicos\/wp-json\/wp\/v2\/pages\/32\/revisions"}],"predecessor-version":[{"id":109,"href":"https:\/\/www.hoffmeister.com.br\/servicos\/wp-json\/wp\/v2\/pages\/32\/revisions\/109"}],"wp:featuredmedia":[{"embeddable":true,"href":"https:\/\/www.hoffmeister.com.br\/servicos\/wp-json\/wp\/v2\/media\/69"}],"wp:attachment":[{"href":"https:\/\/www.hoffmeister.com.br\/servicos\/wp-json\/wp\/v2\/media?parent=32"}],"curies":[{"name":"wp","href":"https:\/\/api.w.org\/{rel}","templated":true}]}}