{"id":36,"date":"2011-09-29T17:38:41","date_gmt":"2011-09-29T20:38:41","guid":{"rendered":"https:\/\/www.hoffmeister.com.br\/servicos\/?page_id=36"},"modified":"2011-10-17T15:43:10","modified_gmt":"2011-10-17T18:43:10","slug":"divulgacoes","status":"publish","type":"page","link":"https:\/\/www.hoffmeister.com.br\/servicos\/divulgacoes","title":{"rendered":"Divulga\u00e7\u00f5es"},"content":{"rendered":"<p>A Hoffmeister Servi\u00e7os Funer\u00e1rios com sua equipe est\u00e1 apta a vincular a nota de falecimento em diversos meios de comunica\u00e7\u00e3o, como, r\u00e1dios, jornais e internet.<\/p>\n","protected":false},"excerpt":{"rendered":"<p>A Hoffmeister Servi\u00e7os Funer\u00e1rios com sua equipe est\u00e1 apta a vincular a nota de falecimento em diversos meios de comunica\u00e7\u00e3o, como, r\u00e1dios, jornais e internet.<\/p>\n","protected":false},"author":1,"featured_media":73,"parent":0,"menu_order":15,"comment_status":"closed","ping_status":"closed","template":"","meta":[],"_links":{"self":[{"href":"https:\/\/www.hoffmeister.com.br\/servicos\/wp-json\/wp\/v2\/pages\/36"}],"collection":[{"href":"https:\/\/www.hoffmeister.com.br\/servicos\/wp-json\/wp\/v2\/pages"}],"about":[{"href":"https:\/\/www.hoffmeister.com.br\/servicos\/wp-json\/wp\/v2\/types\/page"}],"author":[{"embeddable":true,"href":"https:\/\/www.hoffmeister.com.br\/servicos\/wp-json\/wp\/v2\/users\/1"}],"replies":[{"embeddable":true,"href":"https:\/\/www.hoffmeister.com.br\/servicos\/wp-json\/wp\/v2\/comments?post=36"}],"version-history":[{"count":5,"href":"https:\/\/www.hoffmeister.com.br\/servicos\/wp-json\/wp\/v2\/pages\/36\/revisions"}],"predecessor-version":[{"id":115,"href":"https:\/\/www.hoffmeister.com.br\/servicos\/wp-json\/wp\/v2\/pages\/36\/revisions\/115"}],"wp:featuredmedia":[{"embeddable":true,"href":"https:\/\/www.hoffmeister.com.br\/servicos\/wp-json\/wp\/v2\/media\/73"}],"wp:attachment":[{"href":"https:\/\/www.hoffmeister.com.br\/servicos\/wp-json\/wp\/v2\/media?parent=36"}],"curies":[{"name":"wp","href":"https:\/\/api.w.org\/{rel}","templated":true}]}}

Divulgações

<p>A Hoffmeister Serviços Funerários com sua equipe está apta a vincular a nota de falecimento em diversos meios de comunicação, como, rádios, jornais e internet.</p>
